te the greatest common divisor of 456 and 76.
76
Calculate the highest common divisor of 126 and 18.
18
Calculate the greatest common divisor of 2322 and 1634.
86
What is the highest common divisor of 29 and 32?
1
Calculate the greatest common factor of 18394 and 34.
34
What is the greatest common factor of 108 and 6012?
36
Calculate the highest common divisor of 12 and 2082.
6
Calculate the highest common factor of 348 and 2004.
12
What is the greatest common factor of 138 and 192?
6
Calculate the greatest common divisor of 276 and 2988.
12
What is the highest common factor of 1120 and 2560?
160
Calculate the highest common factor of 10 and 230.
10
Calculate the greatest common factor of 170 and 102.
34
Calculate the highest common divisor of 92 and 138.
46
What is the highest common factor of 2958 and 51?
51
Calculate the highest common divisor of 16 and 641.
1
What is the greatest common factor of 2829 and 276?
69
What is the greatest common factor of 68 and 2176?
68
Calculate the greatest common factor of 558 and 36.
18
What is the greatest common factor of 75 and 15?
15
Calculate the greatest common divisor of 11 and 1.
1
Calculate the highest common divisor of 20 and 5440.
20
What is the greatest common factor of 5486 and 26?
26
Calculate the greatest common factor of 65 and 1040.
65
What is the highest common divisor of 5100 and 1785?
255
Calculate the greatest common factor of 375 and 8500.
125
What is the highest common divisor of 1814 and 8?
2
Calculate the highest common factor of 1958 and 44.
22
What is the highest common factor of 1008 and 3402?
126
What is the greatest common divisor of 52 and 4212?
52
What is the greatest common factor of 3664 and 16?
16
What is the highest common divisor of 70 and 553?
7
What is the highest common divisor of 143 and 803?
11
Calculate the highest common divisor of 259 and 2183.
37
What is the highest common factor of 1376 and 2580?
172
What is the highest common divisor of 16766 and 404?
202
Calculate the highest common factor of 9 and 45.
9
What is the highest common factor of 24 and 6776?
8
Calculate the highest common divisor of 426 and 781.
71
What is the highest common divisor of 12 and 192?
12
Calculate the greatest common divisor of 24 and 1416.
24
Calculate the greatest common divisor of 7 and 21763.
7
Calculate the greatest common factor of 1519 and 98.
49
Calculate the greatest common divisor of 896 and 56.
56
What is the greatest common divisor of 1078 and 5978?
98
Calculate the highest common divisor of 976 and 1037.
61
Calculate the greatest common divisor of 800 and 120.
40
What is the highest common factor of 2860 and 660?
220
Calculate the greatest common divisor of 536 and 592.
8
What is the greatest common factor of 23388 and 12?
12
What is the greatest common divisor of 1056 and 480?
96
Calculate the highest common divisor of 60 and 690.
30
Calculate the greatest common factor of 30 and 390.
30
What is the highest common divisor of 28 and 742?
14
Calculate the greatest common divisor of 30 and 330.
30
What is the greatest common factor of 2180 and 20?
20
Calculate the highest common factor of 4968 and 504.
72
Calculate the greatest common divisor of 3616 and 16.
16
Calculate the greatest common factor of 535 and 5.
5
What is the highest common factor of 1221 and 148?
37
What is the highest common factor of 1659 and 105?
21
What is the greatest common divisor of 6 and 498?
6
Calculate the highest common factor of 1139 and 17.
17
What is the greatest common divisor of 129 and 12?
3
What is the highest common divisor of 26 and 923?
13
Calculate the highest common divisor of 396 and 72.
36
What is the greatest common factor of 18 and 126?
18
Calculate the greatest common factor of 42752 and 167.
167
Calculate the greatest common divisor of 518 and 14.
14
Calculate the greatest common factor of 3 and 366.
3
What is the highest common divisor of 145 and 1595?
145
What is the highest common divisor of 1920 and 15?
15
What is the greatest common factor of 4155 and 30?
15
Calculate the greatest common divisor of 2453 and 11.
11
What is the highest common factor of 1859 and 55?
11
What is the highest common divisor of 90 and 315?
45
What is the greatest common factor of 108 and 8?
4
Calculate the greatest common divisor of 28 and 35.
7
What is the highest common divisor of 11191 and 31?
31
Calculate the highest common factor of 2646 and 8127.
189
What is the highest common factor of 174 and 6?
6
What is the highest common divisor of 114 and 23883?
57
Calculate the highest common factor of 1188 and 88.
44
Calculate the highest common divisor of 114 and 18.
6
What is the highest common factor of 7 and 448?
7
What is the highest common divisor of 3775 and 453?
151
What is the greatest common factor of 882 and 54?
18
Calculate the highest common factor of 26795 and 115.
115
Calculate the greatest common divisor of 32 and 11912.
8
Calculate the highest common factor of 4738 and 618.
206
Calculate the highest common factor of 90 and 120.
30
Calculate the highest common divisor of 395 and 1896.
79
Calculate the highest common factor of 559 and 13.
13
What is the greatest common divisor of 58 and 551?
29
Calculate the highest common divisor of 351 and 65.
13
Calculate the greatest common divisor of 39 and 429.
39
What is the greatest common divisor of 100 and 400?
100
What is the highest common divisor of 8060 and 1364?
124
What is the highest common factor of 360 and 30?
30
What is the highest common divisor of 20 and 39580?
20
Calculate the greatest common divisor of 155 and 155.
155
What is the greatest common factor of 391 and 1610?
23
What is the highest common factor of 1040 and 240?
80
Calculate the greatest common factor of 195 and 169.
13
Calculate the greatest common factor of 1254 and 3828.
66
Calculate the greatest common divisor of 48 and 144.
48
Calculate the highest common factor of 28 and 1792.
28
Calculate the highest common divisor of 29 and 145.
29
What is the greatest common factor of 188 and 12?
4
Calculate the highest common divisor of 228 and 12.
12
Calculate the greatest common factor of 12 and 1701.
3
Calculate the highest common divisor of 25 and 10.
5
What is the highest common factor of 84 and 462?
42
Calculate the greatest common divisor of 143 and 39.
13
What is the greatest common divisor of 7 and 16597?
7
What is the highest common divisor of 104 and 64?
8
What is the highest common divisor of 1925 and 10500?
175
Calculate the highest common factor of 1855 and 140.
35
Calculate the greatest common divisor of 288 and 96.
96
What is the greatest common factor of 2400 and 150?
150
Calculate the greatest common factor of 3473 and 23.
23
What is the highest common factor of 115 and 1620?
5
Calculate the greatest common factor of 70 and 52010.
70
Calculate the highest common divisor of 44 and 418.
22
Calculate the highest common factor of 28 and 236.
4
Calculate the highest common divisor of 245 and 1.
1
What is the greatest common divisor of 9330 and 20?
10
Calculate the highest common divisor of 225 and 27.
9
Calculate the highest common divisor of 1947 and 118.
59
What is the highest common factor of 312 and 24?
24
What is the greatest common divisor of 1155 and 210?
105
Calculate the greatest common divisor of 988 and 13.
13
What is the greatest common factor of 14 and 61250?
14
Calculate the greatest common divisor of 224 and 32.
32
Calculate the greatest common divisor of 350 and 56.
14
What is the greatest common divisor of 936 and 637?
13
Calculate the greatest common divisor of 3 and 492.
3
Calculate the greatest common divisor of 2 and 156.
2
Calculate the highest common divisor of 234 and 4122.
18
What is the highest common divisor of 84 and 1988?
28
What is the greatest common factor of 110 and 400?
10
What is the highest common divisor of 52 and 650?
26
Calculate the highest common divisor of 334 and 4175.
167
Calculate the greatest common factor of 4 and 386.
2
What is the highest common factor of 765 and 72?
9
What is the greatest common factor of 190 and 90?
10
Calculate the highest common factor of 24797 and 362.
181
What is the greatest common divisor of 42 and 654?
6
What is the greatest common factor of 16 and 76?
4
Calculate the greatest commo